- 4 = 0. Suppose x*d = 2282 - n. Is d a composite number?
True
Suppose 9*z - 24 = z. Suppose 71254 = 3*x - 5*u, x + z*u = 7*u + 23763. Suppose 4*t - n = n + 18996, 5*t - 3*n = x. Is t prime?
True
Suppose 4*v + 19*n - 20*n - 109389 = 0, -136717 = -5*v + 4*n. Is v composite?
True
Let a(c) = 10*c**2 - 21*c - 24. Let t be 2/5 + 174/(-10). Is a(t) composite?
True
Let z = -45 + 67. Let g = -14 + z. Is 11 - g - (2 - 144) a composite number?
True
Let d(w) = 12882*w**2 - 27*w - 196. Is d(-6) prime?
False
Let v = -716 + 745. Suppose -27 = -3*y + 51. Let m = v + y. Is m composite?
True
Let c = 2407 - -2431. Suppose -6914 - c = -4*v - 4*f, -8789 = -3*v + 2*f. Is v prime?
False
Suppose 0 = 2*o + 188*o - 15328206 - 1541324. Is o a composite number?
True
Suppose 5*j = 0, -2*j - 4 = -49*s + 47*s. Suppose 2*c = u + 4322, -5*c + s*u + 7584 = -3221. Is c a prime number?
True
Let v(w) be the second derivative of 7*w**5/60 + 5*w**4/8 - 7*w**3/6 - 2*w**2 + 10*w. Let m(k) be the first derivative of v(k). Is m(6) a composite number?
True
Is (-427718)/6*(9 + 24*3/(-6)) a composite number?
False
Let t(z) = -47*z + 50. Let h be t(1). Suppose h*u - 2*p - 7881 - 7108 = 0, -3*u + 4*p = -14981. Is u composite?
False
Let b = -158149 - -269576. Is b a prime number?
True
Is 1/(24/(23694866 + 22)) a prime number?
False
Let w be (-217)/(-2)*4*(-1 + 3). Suppose 4*y = w + 200. Is y/6 - (-27)/(-18) prime?
True
Suppose 2*v - 46 = 5*i - 0*v, -2*i = -4*v + 12. Let n(u) = -2*u**3 - 3*u**2 - 13*u + 12. Let t be n(i). Suppose 15081 = 3*q + t. Is q prime?
False
Let i = 224 - 220. Suppose -5*h + 0*h = 4*x - 1521, -3*x = -i*h - 1133. Is x a composite number?
False
Let b(g) = 2094*g + 1073. Is b(24) a prime number?
True
Is (49/(-14) - -3)/(((-14)/321004)/7) a composite number?
False
Let n be (4 - 0) + (-171)/19. Let v = n - -425. Suppose 7*c - v = 3451. Is c composite?
True
Is (4967706/(-34))/(4 + -2 + -5) composite?
True
Suppose 10*c + 35 = 5. Let l(g) = -6835*g - 36. Is l(c) prime?
False
Suppose -2*n - 3*n + 4430 = -5*c, 3*n - 5*c - 2664 = 0. Suppose 6*a - 1168 = 2*a + h, 3*a - n = -h. Is a composite?
False
Let h(j) = 33945*j + 2516. Is h(5) prime?
False
Let y(p) = 5*p**2 + 135*p - 5329. Is y(-155) prime?
True
Let l(w) be the first derivative of 1657*w**3/3 + w**2/2 - w + 35. Suppose -y + 1 = -0*y. Is l(y) composite?
False
Suppose 0 = 2*a + 3 - 11. Suppose 8*p - a*p = 544. Suppose -t + p = -3*u, 232 = 3*t + 5*u - 190. Is t prime?
True
Suppose 5*n - 7 - 133 = 0. Let r = n - 25. Suppose 0 = -r*a - a + 356. Is a a prime number?
True
Let n(k) = -2*k**3 - 2*k**2 + k + 4. Let p(i) = -3*i**3 - 5*i**2 + i + 9. Let l(g) = -7*n(g) + 3*p(g). Is l(3) composite?
False
Let z(j) = j**3 + 106*j**2 - 644*j - 124. Is z(-77) composite?
True
Is 20/(-44)*(-14033657)/23 composite?
True
Let b be 20/6*(6 - -22914). Let o = b + -48629. Is o a prime number?
False
Let i be (450/(-125))/((-2)/(-10)). Let c(a) = 215*a - 45. Let x be c(20). Is (-48)/i + -4 + x/3 composite?
True
Is 1769996*(-15)/(-6)*(-6)/(-60) a composite number?
False
Let o(l) = 707*l**2 + 11*l - 11. Suppose -p - 34 = -37. Is o(p) a composite number?
True
Let o = 210519 + 16724. Is o composite?
True
Suppose -7270 = 4*i - 3*i. Let p(k) = 140*k**2 - 46*k + 111. Let f be p(-9). Let b = i + f. Is b a prime number?
False
Suppose -6*o - 2876 = -4*h - 8*o, 1444 = 2*h - 2*o. Let f(v) = -2*v**3 - v**2 + v - 5. Let j be f(6). Let c = h + j. Is c prime?
False
Let g(f) = 19*f**2 - 24*f - 22. Let z = 433 + -421. Is g(z) prime?
False
Suppose -w - 15 = -11. Is 10/w*(-26224)/40 a composite number?
True
Let t = 229750 + -149996. Is t a prime number?
False
Is (-4 - (-31441440)/(-20))/(-4) prime?
False
Suppose -c = 3*n - 32105, 160593 = 17*c - 12*c - 2*n. Is c a prime number?
True
Is (-37)/((14 - (-78092)/(-5579))*(-2)/4) composite?
True
Let m(q) be the first derivative of q**3/3 + q**2/2 + 446*q - 31. Is m(0) a prime number?
False
Suppose 1305 - 4270 = -5*n. Suppose 0 = 3*f + 5*p + 436, 3*f - 5*p + n = -f. Is ((-84)/f)/((-2)/(-1477)) a prime number?
False
Let j(q) = -1185*q - 1901. Is j(-20) prime?
True
Let t = 12480 + 311839. Is t prime?
True
Suppose 58*z - 396070 = 48*z. Is z composite?
False
Is -3 + (-1425)/190*63992/(-3) prime?
True
Suppose 0*d - 4*t = d - 6, -5*d - 60 = 2*t. Let b be (-21)/d*(-2)/3*3. Is (b + 1)/(3 - (-13893)/(-4629)) composite?
False
Let m = 291 + -287. Is 61734/10 + m/(-10) prime?
True
Let f = 274 - 274. Suppose f = 20*q - q - 64733. Is q prime?
True
Is (-2 - -10)*(-5496392)/(-704) composite?
False
Is 5 + 3413008/(-12)*(-7 - (-88)/16) prime?
True
Let k be ((-76)/(-6))/((-101)/33 - -3). Let x = k - -363. Let l = 363 + x. Is l a composite number?
True
Let r(q) = -139*q - 52. Let b(y) = -145*y - 53. Let f(a) = 5*b(a) - 6*r(a). Is f(2) prime?
False
Let n(r) = -29*r - 17 - 23*r + 42. Is n(-9) a prime number?
False
Let b = 30 - 16. Let w(p) = -p**3 + 17*p**2 - 19*p - 23. Is w(b) a composite number?
True
Is (-53338773)/472*16/(-6) a composite number?
False
Suppose 80 = 2*c + 14. Let o be ((-2)/(-3))/((-11)/c). Is 18*(-148)/(-8) + o a composite number?
False
Suppose 267151 - 618540 = -12*p + 419359. Is p a prime number?
False
Let u = -15493 + 6182. Let l = u - -14748. Is l a composite number?
False
Let j = -91 + 232. Let w be (5 - 0)/(-1)*-1. Suppose -2*x = -w*x + j. Is x composite?
False
Let h(k) = 31*k. Suppose 10 = p + p + 5*q, 0 = -3*q. Suppose 0 = -f - p*a + 2*a - 1, -20 = -2*f + 5*a. Is h(f) a prime number?
False
Suppose f - 5*x = 5284, -x - 15406 = -2*f - 4829. Suppose -9*v = -8*v - f. Suppose 0 = -4*l + 2*s + 3836, 0 = 4*l + 4*s + 1465 - v. Is l prime?
False
Let v = -143846 + 214225. Is v a prime number?
True
Let u(q) = 2562*q + 1277. Is u(13) a prime number?
True
Let w be (-130)/(-52)*(-1)/(-5)*6. Suppose -3*c = 4*i - 3263, 1586 = 2*c - 3*i - 612. Suppose -2*y + w*z = -2166, 0*y - 4*z - c = -y. Is y composite?
True
Suppose 0 = p + 3*w + 10020, 0 = 4*p - 6*w + w + 40165. Let n = p - -17608. Is n composite?
False
Let y(p) = p**2 + 3*p + 2 + 0 - 4*p. Let l be y(4). Suppose -l*x + 222 = -8*x. Is x a prime number?
True
Let y(d) = 7*d**2 + 5*d + 26. Let b be y(12). Suppose -r + b = 76. Is r a prime number?
False
Suppose 7749 = 2*i - 625. Let t = 6263 - i. Let g = t + 4903. Is g a prime number?
False
Let w(m) = -136*m + 83. Let p be w(11). Suppose -d - 2460 = -2*d. Let f = p + d. Is f a composite number?
True
Is (-140979 - -2)/(1/5 - (-36)/(-30)) a composite number?
False
Suppose 8*o - o = -98. Let n = o + 12. Is n + -578*9/(-6) composite?
True
Let u(z) = z**2 - 17*z + 5. Let q be u(17). Suppose q*h + 24857 = 12*h. Is h a composite number?
True
Let z(j) = 31*j**3 + j**2 + j. Let p(d) = 4*d - d**3 - 7*d + 2*d - 2 + 4. Let y be p(0). Is z(y) composite?
True
Suppose -g + g = g. Let n be g*((-2)/(-3))/((-20)/15). Suppose n*r + 4*r + 1428 = 4*x, 0 = -x - r + 361. Is x a prime number?
True
Suppose -h = -1 - 14. Let y(t) = 1 - h - 173*t + 594*t + 2. Is y(13) a prime number?
False
Let o(n) = -2264*n - 78. Let b be o(-9). Suppose 6*m - 20448 = b. Is m composite?
False
Let g(n) = 2*n**2 - 7*n - 5. Let w be g(3). Let j(m) = -11*m**3 + 5*m**2 + 17*m + 39. Is j(w) a composite number?
True
Let s(m) = 13*m**2 - 8*m**2 + 82*m + 29 - 5*m**2 - 2*m**2. Is s(28) composite?
False
Let f be 4/(-14) + 60/14. Let n(h) = 11*h + 1 + 31 + f. Is n(17) a composite number?
False
Suppose -q - 4*h = -20297, -3*q - 3*h + 32272 + 28646 = 0. Is q composite?
True
Suppose 3*v = -17*v + 16090014 + 4131406. Is v composite?
False
Suppose -2*i = -3*k - 2356646, 61*i - 64*i + 3534941 = -k. Is i a composite number?
True
Is -435*50401/(-312) + (-3)/(-8) a composite number?
False
Suppose -g + 157*a = 160*a - 274088, -2*g + 4*a = -548226. Is g a prime number?
True
Suppose -5*l - z = -258710, -51763 = -l - 0*l + 4*z. Is l a prime number?
False
Suppose -6 = -2*p, 0 = 5*a - a - 3*p - 7. Suppose 5*j + 5*k - 38939 = 7*k, 3*j = a*k + 23355. Is j prime?
True
Suppose 2*w = 3*m + w - 40, -m + 28 = -4*w. Suppose 0 = -9*i + m*i - 3786. Is i/1 + (6 - 9) a prime number?
True
Let j = -2383 - -3009. Let b = 11 - 8. Suppose -b*r - 155 = -j. Is r a composite number?
False
Suppose -3*x - 5*k = -32, 3*k + 24 = -x + 4*x. Suppose 0 = -12*p + x*p + 9. Let c(j) = 556*j - 11. Is c(p) a prime number?
True
Let x(q) = 